 y**2 - 10*y - 16. Let c(l) = l**3 + 4*l**2 - 12*l + 11. Let n be c(2). What is s(n)?
-5
Let x = 172 - 102. Let s be 40/x - (-10)/7. Suppose -2*k - 18 = s*y, 5*y = -k + 5*k. Let o(h) = -h**3 - 4*h**2 + h + 3. Give o(y).
-1
Let y(x) = -2 + 5 - x**3 - 3 + 6 + 6*x**2 - 2*x. Let p be y(5). Let a = 25 - p. Let q(z) = -z**3 + 6*z**2 - 6*z. Calculate q(a).
8
Let f(u) be the first derivative of -9*u**2/2 + u - 72. Calculate f(1).
-8
Let n = -55 + 57. Let r(d) = 3*d**2 + 5*d + 1. Let l(u) = -7*u**2 - 9*u - 2. Let a(t) = n*l(t) + 5*r(t). Let j = -2 - 3. What is a(j)?
-9
Let z(g) be the third derivative of -g**4/4 - g**3/6 - 37*g**2. Suppose 0 = l + l. Let b = l + 1. What is z(b)?
-7
Let q = 2 + -1. Suppose 0 = -o - q. Let y(k) = -2 + 2 + 7*k - 1. What is y(o)?
-8
Let l(m) be the second derivative of -m**4/12 - m**3 - 3*m**2 - 9*m + 5. Let r be (-4)/(-6)*6 + -2. Suppose -r*k - 5*v = -5, -k + v + 4 = 12. Determine l(k).
-1
Let j(u) = 552 - 1135 - u + 573. Let y be 1/((-1)/(-2) + 0). Suppose -y*x - 8 = 8. Give j(x).
-2
Let l(n) be the second derivative of -1/6*n**3 - 3*n + 0 - 5/2*n**2. Calculate l(-5).
0
Let d(c) = c + 1. Let t be 6*(3 + (-2 - 0)). Let f = t - 8. Give d(f).
-1
Let i(k) be the second derivative of 4*k**3/3 - 5*k**2/2 + 8*k. Let n(j) = -1. Let g(z) = i(z) - 5*n(z). Give g(1).
8
Let o(r) = -r**3 - 2*r**2 + r - 1. Suppose 3*y - 38 = -2. Suppose 5*p + y = 2. What is o(p)?
-3
Let f(x) = 16*x - 11. Let t(b) = 3*b - 2. Let w(a) = -6*f(a) + 33*t(a). What is w(3)?
9
Let x(b) = b - 16. Let a be x(26). Suppose r + 8 = -4*q + 3, 2*r + 3*q = -a. Let o(z) = -z**3 - 4*z**2 + 5*z + 5. What is o(r)?
5
Let r be 0*(-9)/(-6)*(-4)/(-6). Let o(t) = t**3 + t**2 - 18. Calculate o(r).
-18
Let i = 1 + 2. Suppose 5*c + i = -2. Let b(n) = 12*n**2 + n - 5. Let j(s) = 35*s**2 + 3*s - 14. Let q(m) = -17*b(m) + 6*j(m). Determine q(c).
6
Suppose 10*r - 7*r = -33. Let w(n) = n**3 + 11*n**2 + n + 13. What is w(r)?
2
Let r(n) = -2*n**2 - 28*n - 32. Let i = 157 - 170. Let y be r(i). Let q(t) be the first derivative of -t**3/3 - 7*t**2/2 - 4*t + 1. Determine q(y).
2
Suppose 2*x = y + y + 2, -2 = -2*x + 4*y. Let i(r) = r**3 - 1. Let z be 6 - (4 + 0 + -1). Let g(o) = 11*o**3 - o**2 - 3. Let f(l) = z*i(l) - g(l). Give f(x).
-7
Let u(r) = -r**3 - 5*r**2 + r + 15. Let j be u(-3). Let g(i) = -i**2 - 4*i + 12. What is g(j)?
0
Let q be -3*6/9 + -1. Let b(s) be the second derivative of -1/2*s**2 + 0 - 7*s - 1/2*s**3. Calculate b(q).
8
Let d(v) = -v**2 + 2*v + 8. Suppose 0 = -5*g - 8 + 3. Let p(t) be the second derivative of t**2/2 - 15*t. Let n(k) = g*d(k) + 3*p(k). Calculate n(4).
3
Suppose -6*r = -64 + 4. Let d(v) = v**3 - 9*v**2 - 9*v - 11. Determine d(r).
-1
Let h(r) be the first derivative of 18 + r + 1/2*r**2 - 1/3*r**3 - 3/4*r**4. Calculate h(-1).
2
Suppose -2*u = -3*z + 4*z + 8, -20 = 4*z + 2*u. Let o(p) = 3*p**2 - 15*p - 10. Let g(w) = 2*w**2 - 13*w - 9. Let a(b) = 4*g(b) - 3*o(b). Give a(z).
6
Suppose 3 = -7*g + 4*g. Let d(w) = -17*w**3 + 2*w**2 + 7*w - 5. Let q(i) = -10*i**3 + i**2 + 4*i - 3. Let l(x) = 3*d(x) - 5*q(x). Give l(g).
1
Let b be 6/3 - (-1 + -1). Suppose 0 = f - 5*f - b*t + 52, -2*t - 4 = -f. Let a(x) = -7 + 15 - f - x. Calculate a(-2).
0
Let u be (6/(-15))/((-3)/(-90)). Let o = u - -23. Let l(c) = -c**2 + 13*c - 18. Let s be l(o). Let d(h) = -h**2 + 5*h + 3. What is d(s)?
7
Let t(o) = o**3 + 35*o**2 - 38*o - 64. Let n be t(-36). Let w(s) = 7*s - 45. Determine w(n).
11
Let k(u) = u**2 + 7*u. Let d = -17 + 30. Suppose 3*h = 3*n - 21, n = 3*h + d + 10. Give k(h).
8
Let z(i) = -2*i**2 - i. Let u(n) = -3*n**2. Let b be (-165)/(-45) + 1/3. Let o(w) = b*z(w) - 3*u(w). Determine o(4).
0
Let m(q) be the first derivative of q**2/2 - 5*q + 382. Calculate m(1).
-4
Let w(l) be the first derivative of -l**4/4 - 2*l**3/3 + l**2/2 - 5*l - 222. Determine w(-4).
23
Let l = -35 - -39. Let p(v) = -v**3 + v - 1. Let z(x) = 3*x**3 - 7*x**2 - 9*x + 2. Let m(i) = l*p(i) + z(i). Let d be ((-3)/1)/((-2)/(-4)). Give m(d).
-8
Let v(t) = t + 3. Let u(x) = -x**3 + 18*x**2 + 18*x + 17. Let g be u(19). What is v(g)?
1
Let l = 25 + -29. Let j(o) = o**3 + 3*o**2 - 5*o + 1. Let x be j(l). Let q(d) = -5*d**2 - 3*d - 4 + x + 3 + 4*d**2. Calculate q(-5).
-6
Let t(w) be the first derivative of -11 + 1/2*w**2 + 8*w. Determine t(-4).
4
Let j = -4 + 10. Suppose 0 = -2*c + j + 8. Let h(k) = 7*k**2 - 8*k + 2. Let q(t) = t**2. Let x(i) = h(i) - 6*q(i). What is x(c)?
-5
Let h(m) = -83*m**2 + 3*m - 19. Let l(k) = 37*k**2 - 2*k + 9. Let g(o) = 4*h(o) + 9*l(o). Suppose 3*n = -4*f + 2, 7 + 9 = -4*f. Determine g(n).
5
Let l(p) be the third derivative of -p**6/120 + p**5/12 + p**4/4 - 20*p**2 - 2. Determine l(6).
0
Suppose -4 = 5*h - 34. Let z(x) = x**2 - 8*x + 9. What is z(h)?
-3
Let s(j) = 10*j**2 + 8*j + 25. Let m(f) = -7*f**2 - 5*f - 17. Suppose -4*w + 13 = -7. Let h(o) = w*s(o) + 7*m(o). What is h(-5)?
6
Let n be ((-2)/(-4) + -3)*-2. Suppose -4*t - n*b = -33, -3*b = -4*t + 2*b - 17. Let h(r) = -12*r**3 - 3 - 5*r**2 + t*r - 5*r + 11*r**3. Give h(-4).
-7
Suppose -5*n = 2*k - 20, 3*n + 4 + 10 = 4*k. Let s(z) = 0*z**2 + 5*z**2 + 3 - 8*z**2 + 2*z**n. Suppose 5 = -j - 5*l, -3*j - 2*l = -6*l - 4. Determine s(j).
3
Let n = -60 - -62. Let q(a) = -a**n + 5 - 6*a + 5*a**2 - a**2 - 4*a**2. What is q(-7)?
-2
Let m = -1934 - -1929. Let n(h) = -5*h - 6. Determine n(m).
19
Let t(h) = -5*h**2 + 4*h**2 + 6*h - 3*h + 3*h. Determine t(9).
-27
Let m(c) be the first derivative of -8*c**2 - c - 191. Calculate m(2).
-33
Let n = 416 + -410. Let k(b) = b**3 - 4*b**2 - 5*b - 7. Calculate k(n).
35
Let f(j) = -452*j + 453*j - j**2 - 9*j**2 + j**2. Give f(-1).
-10
Let u(g) = -3*g - 18. Let d be ((-96)/160)/((-2)/(-10)). Let b be u(d). Let t(w) = w**2 + 8*w - 12. Give t(b).
-3
Let d = -21 + 34. Let f(u) = 10 + 9 - d + 3*u**2 + u**3 + 7*u + 3*u**2. Let b = -10 + 5. What is f(b)?
-4
Let d be ((-6)/(-3) + 0)*(-52)/(-13). Let i(c) be the second derivative of -7/2*c**2 - d*c + 0 + 1/20*c**5 + 5/12*c**4 - 7/6*c**3. Give i(-6).
-1
Let d(n) = -n + 1. Let k(j) = -2*j - 5. Let r be (3 + 3/(-2))*2. Let f(c) = c + 5. Let z(p) = r*f(p) + 2*k(p). Let b be z(10). Calculate d(b).
6
Let p(l) = -7*l + 1. Let b(r) = -15*r + 2. Let y(h) = 6*b(h) - 13*p(h). Let q be (1 - (4 + -2)) + -3. Calculate y(q).
-5
Let k(c) be the second derivative of c**4/12 - c**3/6 - c**2/2 - 5*c. Let m be k(0). Let g(u) = 2*u**2 + 1. Determine g(m).
3
Let m(s) be the first derivative of s**2/2 + 5*s + 180. What is m(-4)?
1
Let n(z) = z**3 + 3*z**2 - 5*z + 2. Let c = -24 - -22. Let s be 2/c + (2 - -13). Suppose 6*y + 10 = -s. Determine n(y).
6
Let u(y) = 2*y**2 - 3*y. Let h be u(3). Suppose -h - 6 = 3*i. Let n(a) = -a**3 - 4*a**2 + 4*a - 5. Let g be n(i). Let v(s) = -s**2 + s - 10. Calculate v(g).
-10
Let k(t) be the second derivative of t**4/12 - t**3/6 - 6*t**2 + 131*t. What is k(0)?
-12
Let w(a) = -a**2 + a - 1. Let p(x) = x**2 - 2*x + 5 - 5*x + 0*x + 5*x**2. Let c(g) = -p(g) - 4*w(g). What is c(3)?
-10
Suppose 4*o + 2*c - 16 = 4*c, -4 = -2*o - c. Let h be 8*o/(-6) + -1. Let k(q) = -q**2 + 5 - 6*q - 1 + q. What is k(h)?
4
Let a(w) = 2*w. Let z be a(-1). Let b be 0/(z/(-4)*4). Let p(d) = 4*d - 4*d - 5*d**2 + 1 + 4*d**2. What is p(b)?
1
Let b(k) be the second derivative of k**5/20 - k**4/2 + k**3/3 - 5*k**2/2 - 8*k + 3. What is b(6)?
7
Let h(v) = v**2 - 2*v - 2. Let u be (-6)/(-15) - 652/(-20). Suppose -6*x = -3*n - x - 4, x = -4*n + u. Suppose 2*b + 1 = n. What is h(b)?
1
Let a(w) be the third derivative of 0 - 1/24*w**5 + w**2 - 1/2*w**3 + 0*w + 1/360*w**6 - 1/4*w**4. Let h(t) be the first derivative of a(t). Determine h(5).
-6
Let c(m) = m**3 - 5*m**2 + 3*m - 3. Suppose y - 5*y + 320 = 0. Let i be (-1)/3 + y/(-12). Let p = i - -11. Give c(p).
-7
Let k(h) = h**2 - 4*h + 6. Let t = 44 + -38. What is k(t)?
18
Let y = 24 - 25. Let z(q) = 6*q**3 + 2*q**2 + 2*q + 1. Give z(y).
-5
Let x(q) = 2*q**2 + q + 1. Let i be x(-1). Let l(v) = -i + 3*v + v**2 - v + 5. Calculate l(-2).
3
Let r(z) = -2*z + 34. Let d be r(20). Suppose m - 10 = -3*m + 2*v, 2*v + 2 = 0. Let w be 3/(m/d*-3). Let l(f) = -2*f**3 + 4*f**2 + f - 1. Calculate l(w).
-16
Suppose n + 5*n - 108 = 0. Let z = n - 16. Let i(l) = 3*l**2 + l - 5. Let q(g) = 6*g**2 + 3*g - 11. Let u(k) = 7*i(k) - 3*q(k). Give u(z).
6
Let t(o) =